 w be f(-5). Let t = w - u. List the prime factors of t.
3, 5
Suppose -3*v = -4 + 7. List the prime factors of (15/(-2))/(12/32*v).
2, 5
Suppose -b = 101 - 313. List the prime factors of b.
2, 53
Let c = -33 + 17. Let h(d) = -19*d + 1. Let p be h(1). Let g = c - p. List the prime factors of g.
2
Suppose 2*i = 5 + 1, -5*i + 35 = 5*s. Let l be ((-6)/s)/(2/(-20)). Suppose 2*c + l = 3*c. List the prime factors of c.
3, 5
Suppose 3*s + 2*s + 10 = 0. List the prime factors of (1 - 1 - 2) + (-62)/s.
29
Suppose -7*t = -8*t + 3. Suppose -3*w + 3*z = -27, t*w + z = -z + 17. Let x(c) = c**3 - 7*c**2 + 6. What are the prime factors of x(w)?
2, 3
Let y be ((-6)/15)/((-7)/(-35)) - -4. Suppose 2*h - 142 = y*q, 0*q = 4*h + 5*q - 302. What are the prime factors of h?
73
Suppose 2*m - p + 5*p = 792, -2*m = -5*p - 810. Suppose -4*c + 0*c = -m. List the prime factors of c.
2, 5
Suppose -23 + 23 = -2*d. List the prime factors of (-154)/((1 - d)*-1).
2, 7, 11
Let f(v) = -v**2 - 6*v + 4. Let c be f(10). Let m = -52 - c. What are the prime factors of m?
2, 13
Let a = 507 - 260. Suppose a + 164 = 3*m. What are the prime factors of m?
137
Suppose 5*b = -f + 546, 2*b = -5*f + 1594 + 1182. List the prime factors of f.
2, 139
Let k = -1909 + 3037. What are the prime factors of k?
2, 3, 47
Let q(x) = -x**3 - 15*x**2 - 5*x + 12. List the prime factors of q(-15).
3, 29
Suppose -20*b + 120 = 3*y - 25*b, 0 = 5*b + 15. What are the prime factors of y?
5, 7
Suppose -3*s = -2*a - 1457, -2*s - 1429 = -5*s - 5*a. List the prime factors of s.
3, 7, 23
Suppose -3*j - 7197 = -4*x - 2178, 0 = -x + 5*j + 1276. List the prime factors of x.
3, 139
Let o(h) = 600*h - 5. List the prime factors of o(2).
5, 239
Let d(j) be the third derivative of j**4/24 + 2*j**3 - j**2. Let y be d(0). Suppose 31 = 3*n + 4*m, 10 = 3*n - 5*m - y. What are the prime factors of n?
3
Suppose 3*c + 4*g + 11 = 0, -5*c + 25 = -2*g - 0*g. Suppose -4*j - c = -j. What are the prime factors of 7/14*(143 - j)?
2, 3
Let v = -14 - -14. Suppose 4*p = -v*p + 96. List the prime factors of (45/(-4))/((-9)/p).
2, 3, 5
Suppose 0*k = 5*k - 10. Suppose -k = 3*r + 7. List the prime factors of (-4)/r - (-1104)/36.
2
Let g(v) = v**2 - 5*v - 20. Let x(d) = -1. Let l(m) = g(m) + x(m). Let b be l(11). List the prime factors of 225/(-3)*(-18)/b.
2, 3, 5
Suppose 2*d - 17 = 3*o, d - 4*d = o + 2. Suppose -i = -d - 20. List the prime factors of i.
3, 7
Suppose -4*w - 457 = 2*h - 7*h, 374 = 4*h + w. What are the prime factors of h?
3, 31
Let o(l) = -2*l - 1. Let n(z) = 3*z + 1. Let g(d) = 5*n(d) + 8*o(d). Let c be g(-6). Let f(u) = u**3 - 4*u**2 + 5*u - 3. What are the prime factors of f(c)?
3
Let l be (-3794)/(-13) - ((-120)/(-65) - 2). Suppose -4*j + l = -212. List the prime factors of j.
2, 3, 7
Let q be (-2)/10 - (-8949)/95. Suppose -87*g + q*g = 854. List the prime factors of g.
2, 61
Let m be 4 + -1 + -2 + -13. Let x = 12 + m. Suppose -z - 42 - 8 = -c, x = 4*z + 4. List the prime factors of c.
7
Let j(b) = -7*b - 37. Let f be j(-6). Suppose 2*c - 210 = -5*n, -f*n + 3*n + 2*c + 70 = 0. List the prime factors of n.
2, 5
Let h = 23 + -25. What are the prime factors of ((-3)/h)/((2/(-204))/(-1))?
3, 17
Suppose -27424 + 5276 = -28*a. What are the prime factors of a?
7, 113
Let n be ((-9)/6)/(9/(-12)). Suppose 65 = n*l + 3*l. Suppose -l = -4*j + 51. What are the prime factors of j?
2
Suppose 4755 = 5*q + 2*t + 105, -918 = -q + 2*t. Suppose q = 2*z + 6*z. What are the prime factors of z?
2, 29
Suppose 4*a - 1192 = 1300. List the prime factors of a.
7, 89
Let y(j) = j**2 + 9*j - 12. Let l be y(-9). What are the prime factors of (117/l)/3*-20?
5, 13
List the prime factors of (6159/(-9))/(21/(-189)).
3, 2053
Suppose -296 = -4*r - 0*r - 4*y, 3*r = -4*y + 219. List the prime factors of r.
7, 11
Suppose 2*k + 1 - 11 = -3*c, -3*c + 2*k = -14. Let a = 25 - c. List the prime factors of a.
3, 7
Let k = 50 - 83. Suppose -5*g = 4*j + 203, -8*j + 4*j + 5*g - 253 = 0. Let r = k - j. List the prime factors of r.
2, 3
Let l = -2549 - -4203. What are the prime factors of l?
2, 827
Let x(m) be the third derivative of 11*m**5/4 + 21*m**2. List the prime factors of x(1).
3, 5, 11
Suppose -o - 12*v = -15*v - 3754, 4*v + 16 = 0. List the prime factors of o.
2, 1871
Suppose 71*m - 172410 - 107330 = 0. List the prime factors of m.
2, 5, 197
Suppose -3*k = -181 - 308. Suppose 3*s - 2*i - k = 0, s = 5*s - 4*i - 220. What are the prime factors of s?
53
Suppose -17*r = 2496 - 7392. List the prime factors of r.
2, 3
Let k(u) = u - 14. Let d be k(14). Suppose -b + 16 = -d. List the prime factors of b.
2
Let s(t) = 27*t - 2. Let p be s(4). Suppose 4*x + x = 5*l - 270, -2*x - 3*l - 98 = 0. Let y = x + p. What are the prime factors of y?
2, 3
List the prime factors of 265800/140 + (3 - (-25)/(-7)).
2, 13, 73
Let z be 95/15 + 1/(-3). Suppose -z*f - 18 = -8*f. Suppose -2*d + 30 = 2*v, -v + f = 2*v. What are the prime factors of d?
2, 3
What are the prime factors of (-48)/(-216) + (-19490)/(-18)?
3, 19
List the prime factors of (-1090*5)/(-1) + (-7 - -3).
2, 7, 389
Let m(z) = z**2 - 13*z - 3. Let i be m(14). Let b(g) = g**3 - 9*g**2 - 14*g + 7. What are the prime factors of b(i)?
5, 19
Let o(t) = 2*t + 1. Let a = -23 + 28. Suppose -p = 3*p - a*k - 57, -10 = 2*k. List the prime factors of o(p).
17
Suppose -9614 = -10*y - y. What are the prime factors of y?
2, 19, 23
Let a(t) = -t**3 - 10*t**2 - 15*t + 12. Let x be a(-8). Suppose 225 = x*r - m, 0 = -4*r + 4*m + 152 + 88. What are the prime factors of r?
5, 11
Let a(j) = 4*j**2 - 12*j + 34. List the prime factors of a(10).
2, 157
Let x(t) = t + 13. Let n be x(-11). Let l = 34 - n. List the prime factors of l.
2
Let n be 2/9 - 0 - (-698)/18. Suppose -h + 24 = 3*h. Suppose 3*j + h = n. List the prime factors of j.
11
Suppose -53*b + 44226 = -14*b. List the prime factors of b.
2, 3, 7
Let q(v) be the first derivative of -5*v**4/4 - v**3 - v**2 + v + 7. Suppose 18 = -8*k + 2. What are the prime factors of q(k)?
3, 11
Suppose -2*j + 4 + 6 = 0. Let i(q) = -30*q - 4. Let t be i(-4). Suppose j*w = 4*f - f - 62, 5*f - t = 2*w. What are the prime factors of f?
2, 3
Let q be ((-1)/(-1))/((-1)/(-3)). Let g = 0 - q. List the prime factors of (-79)/(-5) - g/15.
2
Suppose -2*d - 3 = -7. Suppose q - 71 = -3*z, -4*z = -9*z + 2*q + 122. Suppose -d*l + z = l. List the prime factors of l.
2
Let b = -21 + 23. Suppose b*i - 273 = -5*h, -4*i + h + 322 + 235 = 0. List the prime factors of i.
139
Let o = -2 + 67. Suppose r + 4*y - 178 = 0, 0 = r - y - 93 - o. What are the prime factors of r?
2, 3
Let i be (-30)/(-4)*4/6. Suppose -i + 8 = k. List the prime factors of k.
3
Suppose -3*p = 21*x - 20*x - 1189, 0 = -p + 5*x + 391. What are the prime factors of p?
2, 3, 11
Let f be ((-192)/36)/((-4)/258). Suppose -2*s = 4*z - 152, 5*s - s = 2*z + f. What are the prime factors of s?
2, 3, 7
Suppose 4*l - 17*w = -12*w + 4635, w + 5820 = 5*l. List the prime factors of l.
5, 233
Let n = 5010 + -1866. List the prime factors of n.
2, 3, 131
Let y(j) = 120*j**2 + 13*j + 5. Let h(d) = -30*d**2 - 3*d - 1. Let n(q) = -9*h(q) - 2*y(q). Let s be n(1). Let x = s + -16. What are the prime factors of x?
2, 7
What are the prime factors of (-4)/(((-64)/228)/8)?
2, 3, 19
Let l be 44 - ((-3 - -1) + 1). Suppose 5*v + 0*v - l = 0. Suppose -v = -4*d + d. List the prime factors of d.
3
Let s(r) = 5*r**2 - 62*r - 48. What are the prime factors of s(22)?
2, 3, 7
Suppose 0 = -75*k + 74*k + 1225. Suppose -11*d + k = -6*d. List the prime factors of d.
5, 7
What are the prime factors of 3539 + 3 - (-13 + (-30)/(-3))?
5, 709
Let v(j) = -23*j + 2. Let c be v(6). Let p = c + 30. What are the prime factors of p/(-4) + 5/(-10)?
2, 13
Let y = 1034 - -49. List the prime factors of y.
3, 19
Suppose -6*x - 960 = -10*x. Suppose b = 9*b - x. List the prime factors of b.
2, 3, 5
Let v be (-2)/(5/((-5)/2)). Let o be v - 5/((-10)/(-28)). Let m = o - -25. List the prime factors of m.
2, 3
Let y be -147*((-8)/(-12) + -1). Let w be (-12)/(-5) + (-4)/10. Suppose -5*n = -3*i + 107, -w*i = -i + n - y. List the prime factors of i.
2, 11
Let f(s) = -437*s**3 + 2*s**2 - 2*s - 3. What are the prime factors of f(-1)?
2, 3, 73
Suppose -4*g - 3*l = -2271, -4*g - g - l + 2847 = 0. What are the prime factors of g?
